.
-120345
What is -41022 (base 7) in base 16?
-26eb
Convert 305 (base 7) to base 11.
129
-5111 (base 6) to base 9
-1477
Convert -1081 (base 12) to base 7.
-5215
What is 7b5 (base 15) in base 8?
3321
What is -49a9 (base 11) in base 16?
-1984
3014 (base 6) to base 8
1222
Convert -12131 (base 4) to base 3.
-120022
Convert 229 (base 13) to base 7.
1042
What is 40904 (base 10) in base 5?
2302104
Convert 1112142 (base 5) to base 12.
b474
What is -1626 (base 11) in base 8?
-4045
5845 (base 11) to base 8
16770
What is -1d8 (base 14) in base 4?
-12002
311315 (base 6) to base 16
617f
Convert -1a65 (base 16) to base 11.
-5093
-13005 (base 6) to base 10
-1949
4077 (base 15) to base 9
20604
Convert 113013 (base 5) to base 16.
1025
1349 (base 14) to base 9
4584
806a (base 12) to base 8
33122
1cb (base 13) to base 5
2321
-1d4 (base 14) to base 7
-1054
What is -2221301 (base 4) in base 3?
-112220102
Convert aee (base 15) to base 16.
9aa
-faa (base 16) to base 9
-5445
-1130302 (base 4) to base 14
-2242
What is 2c (base 15) in base 3?
1120
What is -100011111 (base 2) in base 16?
-11f
Convert 4b1 (base 12) to base 4.
23011
-395 (base 16) to base 6
-4125
Convert 436 (base 8) to base 3.
101121
2306 (base 7) to base 9
1132
Convert -18a2 (base 16) to base 11.
-4813
Convert -60a (base 11) to base 2.
-1011100000
-1305 (base 8) to base 4
-23011
-d08 (base 15) to base 12
-1845
Convert -4407 (base 8) to base 15.
-a41
1760 (base 8) to base 3
1101100
What is 2576 (base 12) in base 6?
31430
Convert 36366 (base 7) to base 13.
43c5
What is -4163 (base 7) in base 14?
-76a
What is -a04b (base 13) in base 4?
-11120101
11333 (base 7) to base 14
10c3
What is -11077 (base 8) in base 12?
-2853
bb06 (base 13) to base 9
38634
-1322 (base 6) to base 4
-11102
Convert 11231 (base 5) to base 14.
424
What is -33311 (base 5) in base 6?
-14443
What is -262 (base 10) in base 3?
-100201
401 (base 11) to base 15
225
Convert 16727 (base 9) to base 8.
26407
Convert 135 (base 16) to base 9.
373
What is -9922 (base 11) in base 2?
-11001100100100
-172c (base 14) to base 2
-1000000111100
-634 (base 14) to base 12
-85a
Convert -327 (base 16) to base 7.
-2232
-6421 (base 8) to base 12
-1b29
What is -3b5 (base 13) in base 12?
-467
92c (base 13) to base 6
11115
-1022001 (base 4) to base 10
-4737
Convert -7433 (base 9) to base 11.
-4111
-2ae (base 16) to base 9
-842
Convert 40331 (base 5) to base 7.
10361
3330 (base 9) to base 11
1934
Convert -21523 (base 9) to base 7.
-56424
What is -4400 (base 8) in base 2?
-100100000000
50d (base 15) to base 3
1120011
What is 24340 (base 6) in base 8?
7004
What is -8275 (base 16) in base 4?
-20021311
-464 (base 10) to base 7
-1232
What is 66746 (base 8) in base 14?
a378
What is 3878 (base 11) in base 3?
20220220
Convert -c2b (base 13) to base 15.
-92a
Convert -165 (base 7) to base 4.
-1200
What is 121222 (base 3) in base 16?
1ca
-114145 (base 7) to base 4
-11002312
210210 (base 3) to base 2
1001001100
Convert -60c0 (base 14) to base 6.
-205000
What is -142 (base 7) in base 16?
-4f
What is -11312 (base 8) in base 13?
-2260
156a4 (base 13) to base 3
2001211012
10212211 (base 3) to base 6
21034
What is -1251 (base 8) in base 3?
-221020
3767 (base 12) to base 10
6271
344121 (base 6) to base 10
29425
Convert -1300 (base 6) to base 15.
-169
Convert -1274a (base 12) to base 11.
-17a82
Convert -3313 (base 14) to base 4.
-2022011
-2153 (base 7) to base 5
-11043
-321 (base 4) to base 13
-45
-100010000 (base 2) to base 7
-536
-3030 (base 4) to base 8
-314
-7330 (base 12) to base 6
-134100
Convert -2e6 (base 16) to base 7.
-2110
Convert -201 (base 7) to base 12.
-83
-1242 (base 5) to base 8
-305
-2183 (base 13) to base 14
-19b8
653 (base 14) to base 8
2341
Convert -131020 (base 4) to base 16.
-748
What is -8d (base 15) in base 9?
-157
What is -259 (base 15) in base 11?
-446
Convert 5e1f (base 16) to base 15.
7215
-343 (base 15) to base 11
-611
Convert 23165 (base 7) to base 4.
1130213
-11012220 (base 3) to base 13
-1527
Convert -11212112 (base 3) to base 12.
-207b
Convert -4552 (base 7) to base 11.
-1274
What is -255 (base 10) in base 5?
-2010
Convert -515 (base 8) to base 9.
-410
Convert 2510 (base 6) to base 10.
618
What is 37512 (base 10) in base 6?
445400
What is 1a7 (base 15) in base 7?
1054
What is -9898 (base 10) in base 9?
-14517
Convert -152a (base 13) to base 2.
-110000000110
Convert 201 (base 15) to base 13.
289
What is -240 (base 14) in base 11?
-378
-179cd (base 14) to base 15
-129b4
22154 (base 7) to base 14
2064
Convert -4044 (base 12) to base 9.
-10487
-b492 (base 14) to base 9
-46581
30525 (base 6) to base 4
333311
What is 1103210 (base 4) in base 9?
7302
662 (base 7) to base 9
415
-5fb (base 16) to base 6
-11031
Convert 63257 (base 9) to base 15.
c597
What is 2942 (base 16) in base 7?
42536
20 (base 3) to base 5
11
Convert -34db (base 16) to base 10.
-13531
-110332 (base 4) to base 11
-1010
222 (base 12) to base 10
314
What is 421 (base 7) in base 4?
3103
What is -21221 (base 4) in base 7?
-1541
What is 10000001101100 (base 2) in base 10?
8300
What is 1558 (base 16) in base 5?
133324
-395 (base 14) to base 16
-2cf
Convert 50452 (base 6) to base 12.
3a28
What is -4b93 (base 13) in base 7?
-43251
What is -6863 (base 9) in base 7?
-20544
What is 51504 (base 6) in base 9?
10384
What is -427 (base 15) in base 16?
-3a9
Convert -1000001100011011 (base 2) to base 4.
-20030123
What is -2401 (base 5) in base 4?
-11133
Convert -111110 (base 3) to base 11.
-300
What is -1840 (base 9) in base 6?
-10313
Convert -4274 (base 9) to base 5.
-100040
Convert -52b (base 12) to base 5.
-11010
Convert 110111100111 (base 2) to base 15.
10c4
Convert 732 (base 9) to base 10.
596
What is 767 (base 10) in base 11?
638
20002101 (base 3) to base 2
1000101010110
What is -10324 (base 5) in base 10?
-714
Convert 23 (base 8) to base 13.
16
-2d2 (base 14) to base 4
-21000
652 (base 13) to base 11
8a3
Convert -3316 (base 7) to base 12.
-831
Convert 23463 (base 8) to base 4.
2130303
Convert 1d24 (base 16) to base 3.
101020022
Convert -19459 (base 12) to base 8.
-110105
21013 (base 4) to base 6
2411
Convert -3443 (base 5) to base 4.
-13302
What is -1535 (base 11) in base 2?
-11110110110
Convert -7517 (base 9) to base 8.
-12624
What is -5753 (base 13) in base 10?
-12236
What is -2509 (base 12) in base 6?
-31213
8020 (base 10) to base 8
17524
Convert 2d7 (base 14) to base 6.
2405
-62043 (base 9) to base 7
-230064
Convert -2001222 (base 3) to base 9.
-2058
What is 3011031 (base 4) in base 16?
314d
What is 4c3 (base 16) in base 9?
1604
What is 31400 (base 5) in base 9?
2783
Convert -2252 (base 6) to base 3.
-201212
What is -14607 (base 9) in base 14?
-38c2
What is -101000010011001 (base 2) in base 7?
-114104
Convert 54061 (base 8) to base 9.
33865
-553131 (base 6) to base 10
-46063
1101110110010 (base 2) to base 9
10647
What is -16614 (base 7) in base 16?
-129c
What is -13074 (base 8) in base 16?
-163c
-211121 (base 3) to base 13
-37c
What is -131331 (base 4) in base 6?
-12513
What is 466 (base 7) in base 11?
202
-22121021 (base 3) to base 6
-45011
What is -1842 (base 11) in base 15?
-a65
-11211 (base 3) to base 12
-aa
Convert 11742 (base 10) to base 4.
2313132
-30a0 (base 14) to base 16
-20b4
What is 6d8 (base 14) in base 8?
2526
-5054 (base 12) to base 3
-102221101
Convert 10110001010111 (base 2) to base 7.
45044
What is 3420 (base 5) in base 13?
2b4
Convert -11200 (base 9) to base 8.
-16434
What is 3806 (base 15) in base 10?
11931
-2 (base 4) to base 10
-2
What is 246 (base 9) in base 11?
176
Convert 1014044 (base 5) to base 14.
6182
-27af (base 16) to base 3
-111221021
2351 (base 8) to base 2
10011101001
Convert 515 (base 7) to base 4.
10001
What is -120020 (base 3) in base 16?
-19b
Convert -1000103 (base 4) to base 7.
-14666
What is 11112 (base 12) in base 10?
22622
What is 2134 (base 6) in base 11?
406
-32052 (base 8) to base 15
-3e54
What is -2333 (base 5) in base 14?
-1a7
-178a (base 14) to base 9
-5728
d62a (base 14) to base 2
1001000000010110
Convert 62661 (base 7) to base 6.
155233
Convert 7e6 (base 15) to base 9.
2410
-846 (base 9) to base 11
-578
Convert -311330 (base 5) to base 10.
-10215
What is -1451 (base 6) in base 12?
-287
What is 1434 (base 12) in base 10?
2344
Convert e18 (base 